{"id":38,"date":"2017-08-11T08:23:44","date_gmt":"2017-08-11T08:23:44","guid":{"rendered":"http:\/\/isbsystemsgmbh.apps-1and1.net\/?page_id=38"},"modified":"2017-08-17T10:32:39","modified_gmt":"2017-08-17T10:32:39","slug":"seite2","status":"publish","type":"page","link":"https:\/\/isb-systems.com\/?page_id=38","title":{"rendered":"Kontakt"},"content":{"rendered":"<div class=\"\">\n<div class=\"\">\n<div class=\"\"><span style=\"font-family: Arial;\"> <span class=\"\"><b class=\"\">Matth\u00e4us Kestler<\/b><\/span><br class=\"\" \/> <span class=\"\">Gesch\u00e4ftsf\u00fchrer<\/span><br class=\"\" \/> <span class=\"\">ISB-Systems GmbH<\/span><br class=\"\" \/> <span class=\"\">Valentinstrasse 45<\/span><br class=\"\" \/> <span class=\"\">96103 Hallstadt<\/span><br class=\"\" \/><\/span><\/div>\n<\/div>\n<div class=\"\">\n<div class=\"\">Office +49 951 24133229<\/div>\n<\/div>\n<div class=\"\">\n<div class=\"\">Mobil: +49 152 34102246<br class=\"\" \/> Skype: kestler-matthaeus<br class=\"\" \/> <a class=\"\" href=\"mailto:matthaeus.kestler@isb-systems.de\">matthaeus.kestler@isb-systems.de<\/a><\/div>\n<div class=\"\">Gesch\u00e4ftsf\u00fchrer: Matth\u00e4us Kestler<br class=\"\" \/> Registergericht Bamberg, HRB 8893<br class=\"\" \/> Steuernummer: 207\/129\/40388<br class=\"\" \/> UST-ID-Nr. DE815700792<\/div>\n<div><\/div>\n<\/div>\n<\/div>\n<p><img loading=\"lazy\" decoding=\"async\" class=\"size-thumbnail wp-image-31 alignleft\" src=\"http:\/\/isb-systems.com\/wp-content\/uploads\/2017\/06\/SmallLogo-150x150.png\" alt=\"\" width=\"150\" height=\"150\" \/><br class=\"\" \/><br class=\"\" \/><b class=\"\"><\/b><\/p>\n<p>&nbsp;<\/p>\n<p>&nbsp;<\/p>\n<p>&nbsp;<\/p>\n<p>&nbsp;<\/p>\n<p><span style=\"color: #d1181e; font-family: Arial;\"><span class=\"\"><b class=\"\">ISB &#8211; Systems GmbH<\/b><\/span><\/span><\/p>\n","protected":false},"excerpt":{"rendered":"<p>Matth\u00e4us Kestler Gesch\u00e4ftsf\u00fchrer ISB-Systems GmbH Valentinstrasse 45 96103 Hallstadt Office +49 951 24133229 Mobil: +49 152 34102246 Skype: kestler-matthaeus matthaeus.kestler@isb-systems.de Gesch\u00e4ftsf\u00fchrer: Matth\u00e4us Kestler Registergericht Bamberg, HRB 8893 Steuernummer: 207\/129\/40388 UST-ID-Nr. DE815700792 &nbsp; &nbsp; &nbsp; &nbsp; ISB &#8211; Systems GmbH<\/p>\n","protected":false},"author":1,"featured_media":0,"parent":0,"menu_order":0,"comment_status":"closed","ping_status":"closed","template":"","meta":{"footnotes":""},"categories":[],"tags":[],"class_list":["post-38","page","type-page","status-publish","hentry"],"_links":{"self":[{"href":"https:\/\/isb-systems.com\/index.php?rest_route=\/wp\/v2\/pages\/38","targetHints":{"allow":["GET"]}}],"collection":[{"href":"https:\/\/isb-systems.com\/index.php?rest_route=\/wp\/v2\/pages"}],"about":[{"href":"https:\/\/isb-systems.com\/index.php?rest_route=\/wp\/v2\/types\/page"}],"author":[{"embeddable":true,"href":"https:\/\/isb-systems.com\/index.php?rest_route=\/wp\/v2\/users\/1"}],"replies":[{"embeddable":true,"href":"https:\/\/isb-systems.com\/index.php?rest_route=%2Fwp%2Fv2%2Fcomments&post=38"}],"version-history":[{"count":12,"href":"https:\/\/isb-systems.com\/index.php?rest_route=\/wp\/v2\/pages\/38\/revisions"}],"predecessor-version":[{"id":2950,"href":"https:\/\/isb-systems.com\/index.php?rest_route=\/wp\/v2\/pages\/38\/revisions\/2950"}],"wp:attachment":[{"href":"https:\/\/isb-systems.com\/index.php?rest_route=%2Fwp%2Fv2%2Fmedia&parent=38"}],"wp:term":[{"taxonomy":"category","embeddable":true,"href":"https:\/\/isb-systems.com\/index.php?rest_route=%2Fwp%2Fv2%2Fcategories&post=38"},{"taxonomy":"post_tag","embeddable":true,"href":"https:\/\/isb-systems.com\/index.php?rest_route=%2Fwp%2Fv2%2Ftags&post=38"}],"curies":[{"name":"wp","href":"https:\/\/api.w.org\/{rel}","templated":true}]}}