{"id":865,"date":"2017-08-14T05:39:43","date_gmt":"2017-08-14T05:39:43","guid":{"rendered":"http:\/\/isb-systems.com\/?page_id=865"},"modified":"2018-01-10T12:49:25","modified_gmt":"2018-01-10T12:49:25","slug":"ueber-isb","status":"publish","type":"page","link":"https:\/\/isb-systems.com\/?page_id=865","title":{"rendered":"\u00dcber ISB&#8230;"},"content":{"rendered":"<p>Unternehmens Philosophie <\/p>\n<p>Erfahrung<br \/>\nMehr als 25 Jahre Erfahrung in der Planung von Elektroanlagen, im Vertrieb und \u00fcber 10 Jahre  Erfahrung in Produktentwicklung, Produktmanagement und Design<br \/>\nsind der Grundstein der Firma ISB-Systems.<\/p>\n<p>Portfolio<br \/>\nModernste Rettungszeichenleuchten, hoch Effektive Sicherheitsleuchten,<br \/>\nund Innovative Systeme wie CPS (Central Power Supply) und LPS (Low Power Supply) Versorgungssysteme runden unser Portfolio ab.<\/p>\n<p>Konstruktion<br \/>\nBei der Konstruktion legen wir gro\u00dfen Wert auf ein zeitloses Design, und noch gr\u00f6\u00dferen Wert auf Langlebigkeit als Basis f\u00fcr eine umweltschonende Produktion.<\/p>\n<p>Produktion<br \/>\nUnsere Produkte werden vorwiegend in Deutschland und Europa entwickelt und hergestellt. Wir bieten wir unseren Kunden langlebige und wirtschaftliche L\u00f6sungen f\u00fcr Ihre Projekte an. <\/p>\n<p>Flexibilit\u00e4t<br \/>\nWir stellen an uns den Anspruch die wirtschaftlichste und effizienteste L\u00f6sung f\u00fcr Sie zu finden. Sondervarianten sind f\u00fcr uns nicht nur eine Herausforderung sondern vor allem der Ansporn f\u00fcr Innovation.<\/p>\n<p>\u00a0<br \/>\nFortschritt<br \/>\nUnsere Produkte unterliegen einen st\u00e4ndigen Prozess der Optimierung. Alle Produkte erf\u00fcllen die aktuellen Normen und bieten eine einfache Montage, sowie intuitive Bedienbarkeit.<br \/>\nModernste Elektronikkomponenten, neueste LED-Technologien und hoch aktuelle Akku- und Batterie Technologien tragen dazu bei, dass unsere Produkte so effizient wie m\u00f6glich sind.<\/p>\n<p>Energie<br \/>\nDie permanente Effizienzsteigerung der Leuchtmittel, deren Miniaturisierung und die rasante Entwicklung der LED-Technologie sind die aktuell gr\u00f6\u00dften Herausforderungen f\u00fcr die Leuchtenindustrie.<br \/>\nMit den Einsatz modernster Technologien lassen sich erhebliche Verbesserung in der Energiebilanz der Produkte erzielen.<br \/>\nMit all diesen Kriterien leisten wir einen wesentlichen Beitrag zum verantwortlichen Umgang mit unseren nat\u00fcrlichen Ressourcen und unserer Umwelt.<br \/>\nDie Umwelt steht immer im Mittelpunkt bei der Neu- und Weiterentwicklung unserer Produkte.<br \/>\nHochwertige und lichttechnisch optimierte Techniken f\u00fchren zu st\u00e4ndigen Verbesserungen der Leuchten. Sie erm\u00f6glichen uns, den Einsatz modernster LED-Technologie mit hoher Energieeffizienz zu verbinden.<br \/>\nEin weiterer Umweltaspekt bei der Entwicklung unserer Leuchten ist die Verwendung von hochwertigen Materialien. <\/p>\n<p>Zukunft<br \/>\nAlbert Einstein sagte einmal:<br \/>\nMehr als die Vergangenheit interessiert mich die Zukunft, denn in ihr gedenke ich zu leben.<br \/>\nWir wollen mit den uns zur Verf\u00fcgung stehenden M\u00f6glichkeiten die Zukunft so gestalten, dass es sich auch lohnt in der Zukunft zu leben.<\/p>\n<p>Unser Ziel ist es, mit unseren Produkten und Dienstleistungen den Bed\u00fcrfnissen unserer Kunden, die wir als unsere Partner betrachten, voll gerecht zu werden.<\/p>\n","protected":false},"excerpt":{"rendered":"<p>Unternehmens Philosophie Erfahrung Mehr als 25 Jahre Erfahrung in der Planung von Elektroanlagen, im Vertrieb und \u00fcber 10 Jahre Erfahrung in Produktentwicklung, Produktmanagement und Design sind der Grundstein der Firma ISB-Systems. Portfolio Modernste Rettungszeichenleuchten, hoch Effektive Sicherheitsleuchten, und Innovative Systeme wie CPS (Central Power Supply) und LPS (Low Power Supply) Versorgungssysteme runden unser Portfolio ab.&#8230;<\/p>\n<p class=\"more-link\"><a href=\"https:\/\/isb-systems.com\/?page_id=865\" class=\"\"><span>Read More<\/span><i>&#43;<\/i><\/a><\/p>\n","protected":false},"author":1,"featured_media":0,"parent":0,"menu_order":0,"comment_status":"closed","ping_status":"closed","template":"","meta":{"footnotes":""},"categories":[],"tags":[],"class_list":["post-865","page","type-page","status-publish","hentry"],"_links":{"self":[{"href":"https:\/\/isb-systems.com\/index.php?rest_route=\/wp\/v2\/pages\/865","targetHints":{"allow":["GET"]}}],"collection":[{"href":"https:\/\/isb-systems.com\/index.php?rest_route=\/wp\/v2\/pages"}],"about":[{"href":"https:\/\/isb-systems.com\/index.php?rest_route=\/wp\/v2\/types\/page"}],"author":[{"embeddable":true,"href":"https:\/\/isb-systems.com\/index.php?rest_route=\/wp\/v2\/users\/1"}],"replies":[{"embeddable":true,"href":"https:\/\/isb-systems.com\/index.php?rest_route=%2Fwp%2Fv2%2Fcomments&post=865"}],"version-history":[{"count":5,"href":"https:\/\/isb-systems.com\/index.php?rest_route=\/wp\/v2\/pages\/865\/revisions"}],"predecessor-version":[{"id":2331,"href":"https:\/\/isb-systems.com\/index.php?rest_route=\/wp\/v2\/pages\/865\/revisions\/2331"}],"wp:attachment":[{"href":"https:\/\/isb-systems.com\/index.php?rest_route=%2Fwp%2Fv2%2Fmedia&parent=865"}],"wp:term":[{"taxonomy":"category","embeddable":true,"href":"https:\/\/isb-systems.com\/index.php?rest_route=%2Fwp%2Fv2%2Fcategories&post=865"},{"taxonomy":"post_tag","embeddable":true,"href":"https:\/\/isb-systems.com\/index.php?rest_route=%2Fwp%2Fv2%2Ftags&post=865"}],"curies":[{"name":"wp","href":"https:\/\/api.w.org\/{rel}","templated":true}]}}